{"id":69830,"date":"2021-07-12T21:51:32","date_gmt":"2021-07-12T19:51:45","guid":{"rendered":"https:\/\/www.laperlavalles2.bcntic.com\/product\/revlon-relaxer-mild-15oz-2\/"},"modified":"2025-02-24T15:31:55","modified_gmt":"2025-02-24T14:31:55","slug":"revlon-relaxer-mild-15oz-2","status":"publish","type":"product","link":"https:\/\/www.laperlavalles.cat\/fr\/produit\/revlon-relaxer-mild-15oz-2\/","title":{"rendered":"REVLON RELAXER MILD 15OZ"},"content":{"rendered":"<p>Revlon Relaxer Mild est une cr\u00e8me lissante pour cheveux boucl\u00e9s, afro ou ondul\u00e9s.<\/p>\n","protected":false},"excerpt":{"rendered":"<p>Revlon Relaxer Mild est une cr\u00e8me lissante pour cheveux boucl\u00e9s, afro ou ondul\u00e9s.<\/p>\n","protected":false},"featured_media":160339,"comment_status":"open","ping_status":"closed","template":"","meta":[],"product_cat":[10616],"product_tag":[],"_links":{"self":[{"href":"https:\/\/www.laperlavalles.cat\/fr\/wp-json\/wp\/v2\/product\/69830"}],"collection":[{"href":"https:\/\/www.laperlavalles.cat\/fr\/wp-json\/wp\/v2\/product"}],"about":[{"href":"https:\/\/www.laperlavalles.cat\/fr\/wp-json\/wp\/v2\/types\/product"}],"replies":[{"embeddable":true,"href":"https:\/\/www.laperlavalles.cat\/fr\/wp-json\/wp\/v2\/comments?post=69830"}],"wp:featuredmedia":[{"embeddable":true,"href":"https:\/\/www.laperlavalles.cat\/fr\/wp-json\/wp\/v2\/media\/160339"}],"wp:attachment":[{"href":"https:\/\/www.laperlavalles.cat\/fr\/wp-json\/wp\/v2\/media?parent=69830"}],"wp:term":[{"taxonomy":"product_cat","embeddable":true,"href":"https:\/\/www.laperlavalles.cat\/fr\/wp-json\/wp\/v2\/product_cat?post=69830"},{"taxonomy":"product_tag","embeddable":true,"href":"https:\/\/www.laperlavalles.cat\/fr\/wp-json\/wp\/v2\/product_tag?post=69830"}],"curies":[{"name":"wp","href":"https:\/\/api.w.org\/{rel}","templated":true}]}}

<p>Revlon Relaxer Mild est une crème lissante pour cheveux bouclés, afro ou ondulés.</p>
