{"id":70030,"date":"2021-07-12T21:54:52","date_gmt":"2021-07-12T19:55:06","guid":{"rendered":"https:\/\/www.laperlavalles2.bcntic.com\/product\/creme-cond-a-lavocat-cantu\/"},"modified":"2023-06-23T12:52:18","modified_gmt":"2023-06-23T10:52:18","slug":"creme-cond-a-lavocat-cantu","status":"publish","type":"product","link":"https:\/\/www.laperlavalles.cat\/fr\/produit\/creme-cond-a-lavocat-cantu\/","title":{"rendered":"CANTU AVOCADO LEAVE-IN COND CREAM"},"content":{"rendered":"<p>Cr\u00e8me r\u00e9paratrice et revitalisante brute \u00e0 l&rsquo;huile d&rsquo;avocat et au karit\u00e9.<\/p>\n","protected":false},"excerpt":{"rendered":"<p>Cr\u00e8me r\u00e9paratrice et revitalisante brute \u00e0 l&rsquo;huile d&rsquo;avocat et au karit\u00e9.<\/p>\n","protected":false},"featured_media":170167,"comment_status":"open","ping_status":"closed","template":"","meta":[],"product_cat":[8461,24331],"product_tag":[],"_links":{"self":[{"href":"https:\/\/www.laperlavalles.cat\/fr\/wp-json\/wp\/v2\/product\/70030"}],"collection":[{"href":"https:\/\/www.laperlavalles.cat\/fr\/wp-json\/wp\/v2\/product"}],"about":[{"href":"https:\/\/www.laperlavalles.cat\/fr\/wp-json\/wp\/v2\/types\/product"}],"replies":[{"embeddable":true,"href":"https:\/\/www.laperlavalles.cat\/fr\/wp-json\/wp\/v2\/comments?post=70030"}],"wp:featuredmedia":[{"embeddable":true,"href":"https:\/\/www.laperlavalles.cat\/fr\/wp-json\/wp\/v2\/media\/170167"}],"wp:attachment":[{"href":"https:\/\/www.laperlavalles.cat\/fr\/wp-json\/wp\/v2\/media?parent=70030"}],"wp:term":[{"taxonomy":"product_cat","embeddable":true,"href":"https:\/\/www.laperlavalles.cat\/fr\/wp-json\/wp\/v2\/product_cat?post=70030"},{"taxonomy":"product_tag","embeddable":true,"href":"https:\/\/www.laperlavalles.cat\/fr\/wp-json\/wp\/v2\/product_tag?post=70030"}],"curies":[{"name":"wp","href":"https:\/\/api.w.org\/{rel}","templated":true}]}}

<p>Crème réparatrice et revitalisante brute à l&rsquo;huile d&rsquo;avocat et au karité.</p>
