{"id":70070,"date":"2021-07-12T21:55:37","date_gmt":"2021-07-12T19:55:52","guid":{"rendered":"https:\/\/www.laperlavalles2.bcntic.com\/product\/creme-activateur-de-boucles-davocat-cantu\/"},"modified":"2023-06-23T12:53:00","modified_gmt":"2023-06-23T10:53:00","slug":"creme-activateur-de-boucles-davocat-cantu","status":"publish","type":"product","link":"https:\/\/www.laperlavalles.cat\/fr\/produit\/creme-activateur-de-boucles-davocat-cantu\/","title":{"rendered":"CANTU AVOCADO CURL ACTIVATOR CREAM"},"content":{"rendered":"<p>Cr\u00e8me hydratante activatrice de rides \u00e0 base d&rsquo;huile de karit\u00e9 et d&rsquo;avocat.<\/p>\n","protected":false},"excerpt":{"rendered":"<p>Cr\u00e8me hydratante activatrice de rides \u00e0 base d&rsquo;huile de karit\u00e9 et d&rsquo;avocat.<\/p>\n","protected":false},"featured_media":170201,"comment_status":"open","ping_status":"closed","template":"","meta":[],"product_cat":[8461,24331],"product_tag":[],"_links":{"self":[{"href":"https:\/\/www.laperlavalles.cat\/fr\/wp-json\/wp\/v2\/product\/70070"}],"collection":[{"href":"https:\/\/www.laperlavalles.cat\/fr\/wp-json\/wp\/v2\/product"}],"about":[{"href":"https:\/\/www.laperlavalles.cat\/fr\/wp-json\/wp\/v2\/types\/product"}],"replies":[{"embeddable":true,"href":"https:\/\/www.laperlavalles.cat\/fr\/wp-json\/wp\/v2\/comments?post=70070"}],"wp:featuredmedia":[{"embeddable":true,"href":"https:\/\/www.laperlavalles.cat\/fr\/wp-json\/wp\/v2\/media\/170201"}],"wp:attachment":[{"href":"https:\/\/www.laperlavalles.cat\/fr\/wp-json\/wp\/v2\/media?parent=70070"}],"wp:term":[{"taxonomy":"product_cat","embeddable":true,"href":"https:\/\/www.laperlavalles.cat\/fr\/wp-json\/wp\/v2\/product_cat?post=70070"},{"taxonomy":"product_tag","embeddable":true,"href":"https:\/\/www.laperlavalles.cat\/fr\/wp-json\/wp\/v2\/product_tag?post=70070"}],"curies":[{"name":"wp","href":"https:\/\/api.w.org\/{rel}","templated":true}]}}

<p>Crème hydratante activatrice de rides à base d&rsquo;huile de karité et d&rsquo;avocat.</p>
