{"id":70290,"date":"2021-07-12T21:59:42","date_gmt":"2021-07-12T19:59:56","guid":{"rendered":"https:\/\/www.laperlavalles2.bcntic.com\/product\/eco-style-krystal-gel-8oz-2\/"},"modified":"2024-01-16T08:33:29","modified_gmt":"2024-01-16T07:33:29","slug":"eco-style-krystal-gel-8oz-2","status":"publish","type":"product","link":"https:\/\/www.laperlavalles.cat\/fr\/produit\/eco-style-krystal-gel-8oz-2\/","title":{"rendered":"ECO STYLE KRYSTAL GEL 8OZ"},"content":{"rendered":"<p>Gel de fixation Eco Style Krystal Gel.<br \/>\nGel de fixation pour les cheveux. R\u00e9parer, am\u00e9nager, d\u00e9finir, hydrat\u00e9e, liss\u00e9e et donne de la luminosit\u00e9. Pour toutes sortes de cheveux.<\/p>\n","protected":false},"excerpt":{"rendered":"<p>Gel de fixation Eco Style Krystal Gel. Gel de fixation pour les cheveux. R\u00e9parer, am\u00e9nager, d\u00e9finir, hydrat\u00e9e, liss\u00e9e et donne de la luminosit\u00e9. Pour toutes sortes<span class=\"excerpt-hellip\"> [\u2026]<\/span><\/p>\n","protected":false},"featured_media":170345,"comment_status":"open","ping_status":"closed","template":"","meta":[],"product_cat":[8461,24331],"product_tag":[],"_links":{"self":[{"href":"https:\/\/www.laperlavalles.cat\/fr\/wp-json\/wp\/v2\/product\/70290"}],"collection":[{"href":"https:\/\/www.laperlavalles.cat\/fr\/wp-json\/wp\/v2\/product"}],"about":[{"href":"https:\/\/www.laperlavalles.cat\/fr\/wp-json\/wp\/v2\/types\/product"}],"replies":[{"embeddable":true,"href":"https:\/\/www.laperlavalles.cat\/fr\/wp-json\/wp\/v2\/comments?post=70290"}],"wp:featuredmedia":[{"embeddable":true,"href":"https:\/\/www.laperlavalles.cat\/fr\/wp-json\/wp\/v2\/media\/170345"}],"wp:attachment":[{"href":"https:\/\/www.laperlavalles.cat\/fr\/wp-json\/wp\/v2\/media?parent=70290"}],"wp:term":[{"taxonomy":"product_cat","embeddable":true,"href":"https:\/\/www.laperlavalles.cat\/fr\/wp-json\/wp\/v2\/product_cat?post=70290"},{"taxonomy":"product_tag","embeddable":true,"href":"https:\/\/www.laperlavalles.cat\/fr\/wp-json\/wp\/v2\/product_tag?post=70290"}],"curies":[{"name":"wp","href":"https:\/\/api.w.org\/{rel}","templated":true}]}}

<p>Gel de fixation Eco Style Krystal Gel.<br />
Gel de fixation pour les cheveux. Réparer, aménager, définir, hydratée, lissée et donne de la luminosité. Pour toutes sortes de cheveux.</p>

<p>Gel de fixation Eco Style Krystal Gel. Gel de fixation pour les cheveux. Réparer, aménager, définir, hydratée, lissée et donne de la luminosité. Pour toutes sortes<span class="excerpt-hellip"> […]</span></p>
