{"id":71230,"date":"2021-07-12T22:17:36","date_gmt":"2021-07-12T20:17:50","guid":{"rendered":"https:\/\/www.laperlavalles2.bcntic.com\/product\/teinture-bigen-48\/"},"modified":"2024-07-10T10:16:59","modified_gmt":"2024-07-10T08:16:59","slug":"teinture-bigen-48","status":"publish","type":"product","link":"https:\/\/www.laperlavalles.cat\/fr\/produit\/teinture-bigen-48\/","title":{"rendered":"BIGEN TEINTURE PERMANENTE EN POUDRE BRUN FONC\u00c9 &#8211; N\u00ba48"},"content":{"rendered":"<p>La coloration permanente Bigen est id\u00e9ale pour ceux qui recherchent une excellente couverture durable des cheveux gris ou qui veulent rehausser leur couleur naturelle. Une formule \u00e9prouv\u00e9e depuis plus de 30 ans qui garantit des r\u00e9sultats efficaces, la formule unique en poudre est activ\u00e9e par l&rsquo;eau et d\u00e9pose une couleur riche et d&rsquo;aspect naturel, m\u00eame sur les cheveux gris les plus tenaces. Sans ammoniaque, cette coloration sans d\u00e9p\u00f4t est le choix id\u00e9al pour une couleur riche et une brillance optimale, quels que soient la couleur, la consistance, l&rsquo;\u00e9tat, la longueur ou le style de vos cheveux naturels !<\/p>\n","protected":false},"excerpt":{"rendered":"<p>La coloration permanente Bigen est id\u00e9ale pour ceux qui recherchent une excellente couverture durable des cheveux gris ou qui veulent rehausser leur couleur naturelle. Une formule<span class=\"excerpt-hellip\"> [\u2026]<\/span><\/p>\n","protected":false},"featured_media":165273,"comment_status":"open","ping_status":"closed","template":"","meta":[],"product_cat":[8461,24331],"product_tag":[],"_links":{"self":[{"href":"https:\/\/www.laperlavalles.cat\/fr\/wp-json\/wp\/v2\/product\/71230"}],"collection":[{"href":"https:\/\/www.laperlavalles.cat\/fr\/wp-json\/wp\/v2\/product"}],"about":[{"href":"https:\/\/www.laperlavalles.cat\/fr\/wp-json\/wp\/v2\/types\/product"}],"replies":[{"embeddable":true,"href":"https:\/\/www.laperlavalles.cat\/fr\/wp-json\/wp\/v2\/comments?post=71230"}],"wp:featuredmedia":[{"embeddable":true,"href":"https:\/\/www.laperlavalles.cat\/fr\/wp-json\/wp\/v2\/media\/165273"}],"wp:attachment":[{"href":"https:\/\/www.laperlavalles.cat\/fr\/wp-json\/wp\/v2\/media?parent=71230"}],"wp:term":[{"taxonomy":"product_cat","embeddable":true,"href":"https:\/\/www.laperlavalles.cat\/fr\/wp-json\/wp\/v2\/product_cat?post=71230"},{"taxonomy":"product_tag","embeddable":true,"href":"https:\/\/www.laperlavalles.cat\/fr\/wp-json\/wp\/v2\/product_tag?post=71230"}],"curies":[{"name":"wp","href":"https:\/\/api.w.org\/{rel}","templated":true}]}}

BIGEN TEINTURE PERMANENTE EN POUDRE BRUN FONCÉ &#8211; Nº48

<p>La coloration permanente Bigen est idéale pour ceux qui recherchent une excellente couverture durable des cheveux gris ou qui veulent rehausser leur couleur naturelle. Une formule éprouvée depuis plus de 30 ans qui garantit des résultats efficaces, la formule unique en poudre est activée par l&rsquo;eau et dépose une couleur riche et d&rsquo;aspect naturel, même sur les cheveux gris les plus tenaces. Sans ammoniaque, cette coloration sans dépôt est le choix idéal pour une couleur riche et une brillance optimale, quels que soient la couleur, la consistance, l&rsquo;état, la longueur ou le style de vos cheveux naturels !</p>

<p>La coloration permanente Bigen est idéale pour ceux qui recherchent une excellente couverture durable des cheveux gris ou qui veulent rehausser leur couleur naturelle. Une formule<span class="excerpt-hellip"> […]</span></p>
