{"id":71310,"date":"2021-07-12T22:19:07","date_gmt":"2021-07-12T20:19:21","guid":{"rendered":"https:\/\/www.laperlavalles2.bcntic.com\/product\/teinture-bigen-59\/"},"modified":"2024-07-10T10:22:24","modified_gmt":"2024-07-10T08:22:24","slug":"teinture-bigen-59","status":"publish","type":"product","link":"https:\/\/www.laperlavalles.cat\/fr\/produit\/teinture-bigen-59\/","title":{"rendered":"BIGEN TEINTURE PERMANENTE EN POUDRE ORIENTAL NOIR &#8211; N\u00ba59"},"content":{"rendered":"<p>La teinture Bigen est une teinture permanente en poudre, sans ammoniaque et uniquement m\u00e9lang\u00e9e \u00e0 de l&rsquo;eau naturelle. Elle est douce pour les cheveux gr\u00e2ce \u00e0 sa formule d\u00e9velopp\u00e9e avec une technologie japonaise \u00e0 base d&rsquo;extraits naturels.<\/p>\n","protected":false},"excerpt":{"rendered":"<p>La teinture Bigen est une teinture permanente en poudre, sans ammoniaque et uniquement m\u00e9lang\u00e9e \u00e0 de l&rsquo;eau naturelle. Elle est douce pour les cheveux gr\u00e2ce \u00e0<span class=\"excerpt-hellip\"> [\u2026]<\/span><\/p>\n","protected":false},"featured_media":165337,"comment_status":"open","ping_status":"closed","template":"","meta":[],"product_cat":[8461,24331],"product_tag":[],"_links":{"self":[{"href":"https:\/\/www.laperlavalles.cat\/fr\/wp-json\/wp\/v2\/product\/71310"}],"collection":[{"href":"https:\/\/www.laperlavalles.cat\/fr\/wp-json\/wp\/v2\/product"}],"about":[{"href":"https:\/\/www.laperlavalles.cat\/fr\/wp-json\/wp\/v2\/types\/product"}],"replies":[{"embeddable":true,"href":"https:\/\/www.laperlavalles.cat\/fr\/wp-json\/wp\/v2\/comments?post=71310"}],"wp:featuredmedia":[{"embeddable":true,"href":"https:\/\/www.laperlavalles.cat\/fr\/wp-json\/wp\/v2\/media\/165337"}],"wp:attachment":[{"href":"https:\/\/www.laperlavalles.cat\/fr\/wp-json\/wp\/v2\/media?parent=71310"}],"wp:term":[{"taxonomy":"product_cat","embeddable":true,"href":"https:\/\/www.laperlavalles.cat\/fr\/wp-json\/wp\/v2\/product_cat?post=71310"},{"taxonomy":"product_tag","embeddable":true,"href":"https:\/\/www.laperlavalles.cat\/fr\/wp-json\/wp\/v2\/product_tag?post=71310"}],"curies":[{"name":"wp","href":"https:\/\/api.w.org\/{rel}","templated":true}]}}

BIGEN TEINTURE PERMANENTE EN POUDRE ORIENTAL NOIR &#8211; Nº59

<p>La teinture Bigen est une teinture permanente en poudre, sans ammoniaque et uniquement mélangée à de l&rsquo;eau naturelle. Elle est douce pour les cheveux grâce à sa formule développée avec une technologie japonaise à base d&rsquo;extraits naturels.</p>

<p>La teinture Bigen est une teinture permanente en poudre, sans ammoniaque et uniquement mélangée à de l&rsquo;eau naturelle. Elle est douce pour les cheveux grâce à<span class="excerpt-hellip"> […]</span></p>
