{"id":71330,"date":"2021-07-12T22:19:29","date_gmt":"2021-07-12T20:19:44","guid":{"rendered":"https:\/\/www.laperlavalles2.bcntic.com\/product\/teinture-bigen-96\/"},"modified":"2024-07-10T10:23:36","modified_gmt":"2024-07-10T08:23:36","slug":"teinture-bigen-96","status":"publish","type":"product","link":"https:\/\/www.laperlavalles.cat\/fr\/produit\/teinture-bigen-96\/","title":{"rendered":"BIGEN TEINTURE PERMANENTE EN POUDRE BORDEAUX FONC\u00c9 &#8211; N\u00ba96"},"content":{"rendered":"<p>La poudre permanente Bigen est une coloration qui se d\u00e9pose uniquement sur les cheveux et qui ne n\u00e9cessite pas d&rsquo;action de levage (\u00e9claircissement) pour assombrir les cheveux. Alors que certaines colorations permanentes ordinaires utilisent inutilement ces deux actions, le syst\u00e8me de coloration simple de Bigen signifie moins de dommages pour vos cheveux. La coloration permanente en poudre Bigen laisse vos cheveux lisses, naturels et brillants.<\/p>\n","protected":false},"excerpt":{"rendered":"<p>La poudre permanente Bigen est une coloration qui se d\u00e9pose uniquement sur les cheveux et qui ne n\u00e9cessite pas d&rsquo;action de levage (\u00e9claircissement) pour assombrir les<span class=\"excerpt-hellip\"> [\u2026]<\/span><\/p>\n","protected":false},"featured_media":165353,"comment_status":"open","ping_status":"closed","template":"","meta":[],"product_cat":[8461,24331],"product_tag":[],"_links":{"self":[{"href":"https:\/\/www.laperlavalles.cat\/fr\/wp-json\/wp\/v2\/product\/71330"}],"collection":[{"href":"https:\/\/www.laperlavalles.cat\/fr\/wp-json\/wp\/v2\/product"}],"about":[{"href":"https:\/\/www.laperlavalles.cat\/fr\/wp-json\/wp\/v2\/types\/product"}],"replies":[{"embeddable":true,"href":"https:\/\/www.laperlavalles.cat\/fr\/wp-json\/wp\/v2\/comments?post=71330"}],"wp:featuredmedia":[{"embeddable":true,"href":"https:\/\/www.laperlavalles.cat\/fr\/wp-json\/wp\/v2\/media\/165353"}],"wp:attachment":[{"href":"https:\/\/www.laperlavalles.cat\/fr\/wp-json\/wp\/v2\/media?parent=71330"}],"wp:term":[{"taxonomy":"product_cat","embeddable":true,"href":"https:\/\/www.laperlavalles.cat\/fr\/wp-json\/wp\/v2\/product_cat?post=71330"},{"taxonomy":"product_tag","embeddable":true,"href":"https:\/\/www.laperlavalles.cat\/fr\/wp-json\/wp\/v2\/product_tag?post=71330"}],"curies":[{"name":"wp","href":"https:\/\/api.w.org\/{rel}","templated":true}]}}

BIGEN TEINTURE PERMANENTE EN POUDRE BORDEAUX FONCÉ &#8211; Nº96

<p>La poudre permanente Bigen est une coloration qui se dépose uniquement sur les cheveux et qui ne nécessite pas d&rsquo;action de levage (éclaircissement) pour assombrir les cheveux. Alors que certaines colorations permanentes ordinaires utilisent inutilement ces deux actions, le système de coloration simple de Bigen signifie moins de dommages pour vos cheveux. La coloration permanente en poudre Bigen laisse vos cheveux lisses, naturels et brillants.</p>

<p>La poudre permanente Bigen est une coloration qui se dépose uniquement sur les cheveux et qui ne nécessite pas d&rsquo;action de levage (éclaircissement) pour assombrir les<span class="excerpt-hellip"> […]</span></p>
