{"id":80670,"date":"2021-07-13T01:10:25","date_gmt":"2021-07-12T23:10:40","guid":{"rendered":"https:\/\/www.laperlavalles2.bcntic.com\/product\/crevette-grande-seche-1kg\/"},"modified":"2023-06-26T15:10:10","modified_gmt":"2023-06-26T13:10:10","slug":"crevette-grande-seche-1kg","status":"publish","type":"product","link":"https:\/\/www.laperlavalles.cat\/fr\/produit\/crevette-grande-seche-1kg\/","title":{"rendered":"CREVETTE GRANDE S\u00c8CHE 1KG"},"content":{"rendered":"<p>Grosses crevettes fum\u00e9es et s\u00e9ch\u00e9es.<\/p>\n","protected":false},"excerpt":{"rendered":"<p>Grosses crevettes fum\u00e9es et s\u00e9ch\u00e9es.<\/p>\n","protected":false},"featured_media":146931,"comment_status":"open","ping_status":"closed","template":"","meta":[],"product_cat":[8459,8609],"product_tag":[],"_links":{"self":[{"href":"https:\/\/www.laperlavalles.cat\/fr\/wp-json\/wp\/v2\/product\/80670"}],"collection":[{"href":"https:\/\/www.laperlavalles.cat\/fr\/wp-json\/wp\/v2\/product"}],"about":[{"href":"https:\/\/www.laperlavalles.cat\/fr\/wp-json\/wp\/v2\/types\/product"}],"replies":[{"embeddable":true,"href":"https:\/\/www.laperlavalles.cat\/fr\/wp-json\/wp\/v2\/comments?post=80670"}],"wp:featuredmedia":[{"embeddable":true,"href":"https:\/\/www.laperlavalles.cat\/fr\/wp-json\/wp\/v2\/media\/146931"}],"wp:attachment":[{"href":"https:\/\/www.laperlavalles.cat\/fr\/wp-json\/wp\/v2\/media?parent=80670"}],"wp:term":[{"taxonomy":"product_cat","embeddable":true,"href":"https:\/\/www.laperlavalles.cat\/fr\/wp-json\/wp\/v2\/product_cat?post=80670"},{"taxonomy":"product_tag","embeddable":true,"href":"https:\/\/www.laperlavalles.cat\/fr\/wp-json\/wp\/v2\/product_tag?post=80670"}],"curies":[{"name":"wp","href":"https:\/\/api.w.org\/{rel}","templated":true}]}}

CREVETTE GRANDE SÈCHE 1KG

<p>Grosses crevettes fumées et séchées.</p>
