{"id":80710,"date":"2021-07-13T01:11:09","date_gmt":"2021-07-12T23:11:23","guid":{"rendered":"https:\/\/www.laperlavalles2.bcntic.com\/product\/crevette-seche-petite-1kg\/"},"modified":"2023-06-23T09:07:19","modified_gmt":"2023-06-23T07:07:19","slug":"crevette-seche-petite-1kg","status":"publish","type":"product","link":"https:\/\/www.laperlavalles.cat\/fr\/produit\/crevette-seche-petite-1kg\/","title":{"rendered":"CREVETTE S\u00c8CHE PETITE 1KG"},"content":{"rendered":"<p>Petites crevettes s\u00e9ch\u00e9es et fum\u00e9es.<\/p>\n","protected":false},"excerpt":{"rendered":"<p>Petites crevettes s\u00e9ch\u00e9es et fum\u00e9es.<\/p>\n","protected":false},"featured_media":160023,"comment_status":"open","ping_status":"closed","template":"","meta":[],"product_cat":[8459,8609],"product_tag":[],"_links":{"self":[{"href":"https:\/\/www.laperlavalles.cat\/fr\/wp-json\/wp\/v2\/product\/80710"}],"collection":[{"href":"https:\/\/www.laperlavalles.cat\/fr\/wp-json\/wp\/v2\/product"}],"about":[{"href":"https:\/\/www.laperlavalles.cat\/fr\/wp-json\/wp\/v2\/types\/product"}],"replies":[{"embeddable":true,"href":"https:\/\/www.laperlavalles.cat\/fr\/wp-json\/wp\/v2\/comments?post=80710"}],"wp:featuredmedia":[{"embeddable":true,"href":"https:\/\/www.laperlavalles.cat\/fr\/wp-json\/wp\/v2\/media\/160023"}],"wp:attachment":[{"href":"https:\/\/www.laperlavalles.cat\/fr\/wp-json\/wp\/v2\/media?parent=80710"}],"wp:term":[{"taxonomy":"product_cat","embeddable":true,"href":"https:\/\/www.laperlavalles.cat\/fr\/wp-json\/wp\/v2\/product_cat?post=80710"},{"taxonomy":"product_tag","embeddable":true,"href":"https:\/\/www.laperlavalles.cat\/fr\/wp-json\/wp\/v2\/product_tag?post=80710"}],"curies":[{"name":"wp","href":"https:\/\/api.w.org\/{rel}","templated":true}]}}

CREVETTE SÈCHE PETITE 1KG

<p>Petites crevettes séchées et fumées.</p>
