{"id":80830,"date":"2021-07-13T01:13:33","date_gmt":"2021-07-12T23:13:49","guid":{"rendered":"https:\/\/www.laperlavalles2.bcntic.com\/product\/farine-de-crevette-petit-seche\/"},"modified":"2023-06-26T15:31:33","modified_gmt":"2023-06-26T13:31:33","slug":"farine-de-crevette-petit-seche","status":"publish","type":"product","link":"https:\/\/www.laperlavalles.cat\/fr\/produit\/farine-de-crevette-petit-seche\/","title":{"rendered":"FARINE DE CREVETTE PETIT S\u00c8CHE"},"content":{"rendered":"<p>Petites crevettes s\u00e9ch\u00e9es hach\u00e9es. Farine de petites crevettes s\u00e9ch\u00e9es.<\/p>\n","protected":false},"excerpt":{"rendered":"<p>Petites crevettes s\u00e9ch\u00e9es hach\u00e9es. Farine de petites crevettes s\u00e9ch\u00e9es.<\/p>\n","protected":false},"featured_media":152435,"comment_status":"open","ping_status":"closed","template":"","meta":[],"product_cat":[8459,8609],"product_tag":[],"_links":{"self":[{"href":"https:\/\/www.laperlavalles.cat\/fr\/wp-json\/wp\/v2\/product\/80830"}],"collection":[{"href":"https:\/\/www.laperlavalles.cat\/fr\/wp-json\/wp\/v2\/product"}],"about":[{"href":"https:\/\/www.laperlavalles.cat\/fr\/wp-json\/wp\/v2\/types\/product"}],"replies":[{"embeddable":true,"href":"https:\/\/www.laperlavalles.cat\/fr\/wp-json\/wp\/v2\/comments?post=80830"}],"wp:featuredmedia":[{"embeddable":true,"href":"https:\/\/www.laperlavalles.cat\/fr\/wp-json\/wp\/v2\/media\/152435"}],"wp:attachment":[{"href":"https:\/\/www.laperlavalles.cat\/fr\/wp-json\/wp\/v2\/media?parent=80830"}],"wp:term":[{"taxonomy":"product_cat","embeddable":true,"href":"https:\/\/www.laperlavalles.cat\/fr\/wp-json\/wp\/v2\/product_cat?post=80830"},{"taxonomy":"product_tag","embeddable":true,"href":"https:\/\/www.laperlavalles.cat\/fr\/wp-json\/wp\/v2\/product_tag?post=80830"}],"curies":[{"name":"wp","href":"https:\/\/api.w.org\/{rel}","templated":true}]}}

FARINE DE CREVETTE PETIT SÈCHE

<p>Petites crevettes séchées hachées. Farine de petites crevettes séchées.</p>
