{"id":82150,"date":"2021-07-13T01:37:45","date_gmt":"2021-07-12T23:38:00","guid":{"rendered":"https:\/\/www.laperlavalles2.bcntic.com\/product\/haricot-vert-sandino\/"},"modified":"2023-06-23T13:08:45","modified_gmt":"2023-06-23T11:08:45","slug":"haricot-vert-sandino","status":"publish","type":"product","link":"https:\/\/www.laperlavalles.cat\/fr\/produit\/haricot-vert-sandino\/","title":{"rendered":"HARICOT VERT SANDINO"},"content":{"rendered":"<p>Haricot vert Sandino. Haricot vert surgel\u00e9. L\u00e9gume surgel\u00e9 d&rsquo;Am\u00e9rique latine.<\/p>\n","protected":false},"excerpt":{"rendered":"<p>Haricot vert Sandino. Haricot vert surgel\u00e9. L\u00e9gume surgel\u00e9 d&rsquo;Am\u00e9rique latine.<\/p>\n","protected":false},"featured_media":170905,"comment_status":"open","ping_status":"closed","template":"","meta":[],"product_cat":[8460,8613],"product_tag":[],"_links":{"self":[{"href":"https:\/\/www.laperlavalles.cat\/fr\/wp-json\/wp\/v2\/product\/82150"}],"collection":[{"href":"https:\/\/www.laperlavalles.cat\/fr\/wp-json\/wp\/v2\/product"}],"about":[{"href":"https:\/\/www.laperlavalles.cat\/fr\/wp-json\/wp\/v2\/types\/product"}],"replies":[{"embeddable":true,"href":"https:\/\/www.laperlavalles.cat\/fr\/wp-json\/wp\/v2\/comments?post=82150"}],"wp:featuredmedia":[{"embeddable":true,"href":"https:\/\/www.laperlavalles.cat\/fr\/wp-json\/wp\/v2\/media\/170905"}],"wp:attachment":[{"href":"https:\/\/www.laperlavalles.cat\/fr\/wp-json\/wp\/v2\/media?parent=82150"}],"wp:term":[{"taxonomy":"product_cat","embeddable":true,"href":"https:\/\/www.laperlavalles.cat\/fr\/wp-json\/wp\/v2\/product_cat?post=82150"},{"taxonomy":"product_tag","embeddable":true,"href":"https:\/\/www.laperlavalles.cat\/fr\/wp-json\/wp\/v2\/product_tag?post=82150"}],"curies":[{"name":"wp","href":"https:\/\/api.w.org\/{rel}","templated":true}]}}

<p>Haricot vert Sandino. Haricot vert surgelé. Légume surgelé d&rsquo;Amérique latine.</p>
