{"id":82210,"date":"2021-07-13T01:38:57","date_gmt":"2021-07-12T23:39:12","guid":{"rendered":"https:\/\/www.laperlavalles2.bcntic.com\/product\/papa-amarilla-surgelee-sandino\/"},"modified":"2023-06-23T13:09:52","modified_gmt":"2023-06-23T11:09:52","slug":"papa-amarilla-surgelee-sandino","status":"publish","type":"product","link":"https:\/\/www.laperlavalles.cat\/fr\/produit\/papa-amarilla-surgelee-sandino\/","title":{"rendered":"PAPA AMARILLA SURGELEE SANDINO"},"content":{"rendered":"<p>Pomme de terre jaune p\u00e9ruvienne Sandino surgel\u00e9. Produit du P\u00e9rou.<\/p>\n","protected":false},"excerpt":{"rendered":"<p>Pomme de terre jaune p\u00e9ruvienne Sandino surgel\u00e9. Produit du P\u00e9rou.<\/p>\n","protected":false},"featured_media":170953,"comment_status":"open","ping_status":"closed","template":"","meta":[],"product_cat":[8460,8613],"product_tag":[],"_links":{"self":[{"href":"https:\/\/www.laperlavalles.cat\/fr\/wp-json\/wp\/v2\/product\/82210"}],"collection":[{"href":"https:\/\/www.laperlavalles.cat\/fr\/wp-json\/wp\/v2\/product"}],"about":[{"href":"https:\/\/www.laperlavalles.cat\/fr\/wp-json\/wp\/v2\/types\/product"}],"replies":[{"embeddable":true,"href":"https:\/\/www.laperlavalles.cat\/fr\/wp-json\/wp\/v2\/comments?post=82210"}],"wp:featuredmedia":[{"embeddable":true,"href":"https:\/\/www.laperlavalles.cat\/fr\/wp-json\/wp\/v2\/media\/170953"}],"wp:attachment":[{"href":"https:\/\/www.laperlavalles.cat\/fr\/wp-json\/wp\/v2\/media?parent=82210"}],"wp:term":[{"taxonomy":"product_cat","embeddable":true,"href":"https:\/\/www.laperlavalles.cat\/fr\/wp-json\/wp\/v2\/product_cat?post=82210"},{"taxonomy":"product_tag","embeddable":true,"href":"https:\/\/www.laperlavalles.cat\/fr\/wp-json\/wp\/v2\/product_tag?post=82210"}],"curies":[{"name":"wp","href":"https:\/\/api.w.org\/{rel}","templated":true}]}}

<p>Pomme de terre jaune péruvienne Sandino surgelé. Produit du Pérou.</p>
