{"id":82350,"date":"2021-07-13T01:41:44","date_gmt":"2021-07-12T23:42:00","guid":{"rendered":"https:\/\/www.laperlavalles2.bcntic.com\/product\/manioc-pate-bajocero\/"},"modified":"2023-06-23T12:25:13","modified_gmt":"2023-06-23T10:25:13","slug":"manioc-pate-bajocero","status":"publish","type":"product","link":"https:\/\/www.laperlavalles.cat\/fr\/produit\/manioc-pate-bajocero\/","title":{"rendered":"MANIOC  PAT\u00ca  BAJOCERO"},"content":{"rendered":"<p>P\u00e2te de manioc Bajocero. P\u00e2te de manioc surgel\u00e9e.<\/p>\n","protected":false},"excerpt":{"rendered":"<p>P\u00e2te de manioc Bajocero. P\u00e2te de manioc surgel\u00e9e.<\/p>\n","protected":false},"featured_media":168969,"comment_status":"open","ping_status":"closed","template":"","meta":[],"product_cat":[8460,8613],"product_tag":[],"_links":{"self":[{"href":"https:\/\/www.laperlavalles.cat\/fr\/wp-json\/wp\/v2\/product\/82350"}],"collection":[{"href":"https:\/\/www.laperlavalles.cat\/fr\/wp-json\/wp\/v2\/product"}],"about":[{"href":"https:\/\/www.laperlavalles.cat\/fr\/wp-json\/wp\/v2\/types\/product"}],"replies":[{"embeddable":true,"href":"https:\/\/www.laperlavalles.cat\/fr\/wp-json\/wp\/v2\/comments?post=82350"}],"wp:featuredmedia":[{"embeddable":true,"href":"https:\/\/www.laperlavalles.cat\/fr\/wp-json\/wp\/v2\/media\/168969"}],"wp:attachment":[{"href":"https:\/\/www.laperlavalles.cat\/fr\/wp-json\/wp\/v2\/media?parent=82350"}],"wp:term":[{"taxonomy":"product_cat","embeddable":true,"href":"https:\/\/www.laperlavalles.cat\/fr\/wp-json\/wp\/v2\/product_cat?post=82350"},{"taxonomy":"product_tag","embeddable":true,"href":"https:\/\/www.laperlavalles.cat\/fr\/wp-json\/wp\/v2\/product_tag?post=82350"}],"curies":[{"name":"wp","href":"https:\/\/api.w.org\/{rel}","templated":true}]}}

MANIOC  PATÊ  BAJOCERO

<p>Pâte de manioc Bajocero. Pâte de manioc surgelée.</p>
